= p*w - 2*y, 0 = 5*w + y + 30. What is the tens digit of (-3)/w*17*2?
1
Suppose 4*v - 5*a = -0*v + 188, -5*v + 4*a + 226 = 0. Suppose 0*r + r + m - v = 0, -3*r + 2*m + 121 = 0. What is the units digit of r?
1
Suppose 4*u - 3*v = -0*v + 33, 3*v = -4*u + 15. Let t(c) = c**2 + 1. What is the tens digit of t(u)?
3
Let o(g) = 2*g**2 + 3*g + 19. Let v(n) = -n**2. Let h(a) = -o(a) - 4*v(a). What is the tens digit of h(-9)?
7
Let y be ((-80)/(-12))/((-2)/(-54)). Suppose 3*d - 66 = y. What is the units digit of d?
2
Let t(p) = 11*p + 10*p - 51 - 9*p. What is the hundreds digit of t(19)?
1
Let f = -15 - -23. Let l be 2/(-4)*f/(-2). Suppose -i - 4*c + l = -2*i, -2*c = 5*i - 78. What is the units digit of i?
4
Let t = 69 - 37. Let n = -14 + t. What is the tens digit of n?
1
Suppose 4*h + 2*s = 1362 + 1110, 2*h + 3*s = 1244. Suppose -4*u + 0*u = -h. What is the tens digit of u?
5
Let d(x) = -3*x + 20. Let q be d(6). Let o be 110/(-4) - 1/q. What is the units digit of (0 - 8)*o/16?
4
What is the hundreds digit of 1477417/871 - 3/13?
6
Let v(k) = 14*k**2 + k + 1. Let f be v(-1). Suppose -2*u + 44 + f = 0. What is the tens digit of u?
2
Let d = 10 - -10. Let x be (-12)/d + 393/5. Suppose 0 = 3*l - 15 - x. What is the tens digit of l?
3
Suppose -2*m = 3*q - q - 16, 4*m - 3*q = -3. Suppose m*u - 132 = -2*i, 2*i - u - 8 = 116. What is the tens digit of i?
6
What is the units digit of 1667 + -14 + 0 - (-6)/1?
9
Suppose 0 = -3*j + 4*x + 1834, 2*x + 3 = 7. What is the units digit of j?
4
Suppose 5*t + 7*i = 3*i + 6520, -2*i = -t + 1318. What is the thousands digit of t?
1
Suppose w - 4*a - 459 = a, 0 = -4*w - 5*a + 1761. What is the hundreds digit of w?
4
Let u = -6 + 9. Suppose g + 86 = -0*a + 3*a, 0 = -u*a - 4*g + 61. Let h = a - -32. What is the tens digit of h?
5
Suppose 5*m + 2*w = 1131, 6 = 2*w - 0. What is the units digit of m?
5
Let g = -183 - 18. Let t = g + 337. What is the units digit of t?
6
Let q be (-3)/7 + (-38)/(-7). Suppose -4*j - 3 = q. What is the units digit of (-67)/j + 6/4?
5
Let g be 2/12*4*6. Suppose s - 72 = -s - g*b, -5*s = -5*b - 225. What is the tens digit of s?
4
Suppose 0 = 2*i - 2*y - 14, -1 = -i - 5*y - 0. Let r(h) = 0 - 1 + 5*h + 3 - 4. What is the units digit of r(i)?
8
Let d = 536 - 357. What is the tens digit of d?
7
What is the units digit of 6/18 - 2966/(-3)?
9
What is the hundreds digit of (3 - 729/(-6))*70/15?
5
Suppose -4*z - 8 = -8*z. Suppose -3*t = 5*i - 14, -z*i = -t + 4*t - 2. Suppose i*g + g = 95. What is the units digit of g?
9
Let c = 422 + 1127. What is the tens digit of c?
4
Let m be 6862/8 + (-5)/((-80)/4). Let q = -597 + m. What is the hundreds digit of q?
2
Let k = -11 + -37. Let j = k - -119. What is the tens digit of j?
7
Let z = -146 + 319. What is the tens digit of z?
7
Suppose 0 = 3*j + 4*c - c - 306, -3*c + 6 = 0. Let v = j - 51. What is the tens digit of v?
4
Suppose 0 = -19*q - 21936 + 63451. What is the units digit of q?
5
Suppose 0*s + 129780 = 30*s. What is the units digit of s?
6
Suppose -60 - 5 = -5*p. Suppose -10*z = -p*z + 234. What is the tens digit of z?
7
Suppose 438 = 2*g + 410. What is the tens digit of g?
1
Suppose -70*x + 99399 = -106891. What is the tens digit of x?
4
Let h = 65 - 27. Let u = h + -9. What is the units digit of u?
9
Suppose -48 = -0*r - 2*r. Let c = -17 + r. Suppose -c*i + 100 = -5. What is the units digit of i?
5
Let k be (3 + -2 - 19)/(-1). What is the tens digit of 2*237*3/k?
7
Let q = -2328 - -4108. What is the units digit of q?
0
Let w be (-6)/(-39) + 22/26. Let a(d) = -d**2 + 2*d. Let y be a(w). Let n(x) = 6*x - 2. What is the units digit of n(y)?
4
Let x(n) = 309*n - 74. What is the hundreds digit of x(4)?
1
Suppose 11*p - 9*p + 58 = 0. Let f(h) = 11*h - 4. Let x be f(5). Let i = p + x. What is the units digit of i?
2
Suppose 939 = 2*v + 69. Let z = v - 251. What is the tens digit of z?
8
What is the units digit of (-5)/10*0 + 333?
3
Let g = 11321 + -6483. What is the hundreds digit of g?
8
Let c(z) = -2*z**3 - 1. Let s be c(1). Let w be -2 + (-39 + s)/(-3). Let r = w - 6. What is the units digit of r?
6
Suppose f + 0*f + 2*y - 63 = 0, 3*f - 204 = -y. Suppose -5*g + 41 = -f. What is the tens digit of g?
2
Let x(s) = s + 81. Let n(h) = -h**2 - h - 2. Let u be n(-4). What is the tens digit of x(u)?
6
Let r be 6/4 + (-42)/(-12). Let d(w) = 3*w**2 - w - 4. What is the tens digit of d(r)?
6
Let n(x) = 25*x**2 + 1. Suppose 5 = -l + 4. What is the units digit of n(l)?
6
Suppose -2*w + 125 = 5*n - 0*w, 0 = 3*n + 4*w - 75. Let d = -64 + n. Let s = -5 - d. What is the tens digit of s?
3
Let q be (5 + 1)*(-35)/21*-5. What is the units digit of 516/10 - (-20)/q?
2
What is the tens digit of 3/1 + (-36630)/(-55)?
6
Suppose -29 = -4*i + 5*z, 2*z + 10 = 2*i - 4. Suppose 45 = i*v - 3*v. What is the tens digit of v?
1
Suppose 0 = -o + 2*t + 419, -3*o - 6*t + 1263 = -10*t. What is the tens digit of o?
2
What is the tens digit of (3938/(-44))/((-3)/6)?
7
Let t(o) = -o**2 + 8*o - 7. Let s be t(6). Suppose 2*d - d - 104 = 3*j, -s*d - 2*j = -435. What is the tens digit of d?
8
Let n(i) = -13*i + 2*i - 7 - 10*i**2 + 2 - i**3. Suppose -3*r - 37 = -5*f, 2*f - 16 = 2*r + 3*f. What is the tens digit of n(r)?
1
What is the tens digit of 0 + (234/(-8))/(34/(-816))?
0
Suppose 75 = v + 3*o, -v + 9*o - 4*o = -91. Suppose 3*n + 234 = 3*m - v, 4*m + 4*n = 428. What is the tens digit of m?
0
Let l(i) = -5*i + 8. Let o = -4 - 1. Let z be l(o). Let p = 54 - z. What is the units digit of p?
1
Let d(b) = -b**2 + 6*b - 5. Let m be d(4). Let v be (2/4)/((-23)/138). What is the tens digit of v/m - -25*1?
2
Suppose 9 = -3*t - 3, -n + 20 = -4*t. Suppose 4*w - 5*m - 240 = -w, 3*w - m - 140 = 0. Suppose n*f - w = 138. What is the units digit of f?
6
Suppose 6 - 2 = z. Suppose 147 = 3*x + z*t, -2*x + 5*t - 3*t + 84 = 0. What is the tens digit of x?
4
Let v(b) = -b**3 + 7*b**2 + 4*b - 6. Let m be v(7). Suppose 3*n - 4 + m = 0. Let h(w) = -w**3 - 6*w**2 - 4*w - 7. What is the tens digit of h(n)?
1
Suppose 3*t = -6 - 15. Let l(b) = -b**3 - 6*b**2 + 3*b + 2. Let g be l(t). Suppose -q - 4*q = -g. What is the units digit of q?
6
Suppose -k - 11 = 4. Suppose 2*x - 27 = x. Let f = k + x. What is the units digit of f?
2
Let m(h) = h**2 + 3*h + 8. Let q(k) = -2*k**2 - 7*k - 17. Let p(j) = 10*m(j) + 4*q(j). What is the units digit of p(-9)?
6
Suppose -5*u - 5*d = -75, -4*u - 4*d + d = -62. Let g(z) = z**3 - 16*z**2 - 13*z + 4. What is the units digit of g(u)?
2
Suppose -16 + 114 = -7*o. What is the tens digit of (35/o)/((-2)/20)?
2
Let m(o) = 11*o**3 - 21*o**2 + 111*o - 21. What is the units digit of m(7)?
0
Suppose -s = 3*r - 1314, -3*s = -3*r + 2*s + 1314. What is the hundreds digit of r?
4
Suppose -3*u + h + 1919 = 0, 0*u = u - 5*h - 621. Suppose 6*v - 151 - u = 0. What is the tens digit of v?
3
Suppose 5*f + 347 = -3*x - 1115, 5*f - 4*x + 1469 = 0. Let k = 414 + f. What is the tens digit of k?
2
Let b(g) = -80*g + 79. What is the units digit of b(-3)?
9
Let i be (-4)/(-2) - 8 - -3. Let b be 2 + (i - -2) + 4. Suppose -n = -5, 6*n + 395 = b*w + 8*n. What is the units digit of w?
7
Let n(o) = -1 - 1 - o - 3*o**2 + 74*o**3 - 108*o**3. Let q be n(-2). Suppose 2*y - 58 - 46 = 2*x, 5*y - q = 2*x. What is the tens digit of y?
5
Suppose -157 = -4*p + 3. What is the tens digit of p?
4
Let d be (0 - -3) + (11 - 6). Let s be 2/(-1)*1/(-2). What is the tens digit of (s + -3)/(d/(-92))?
2
Let q = -6958 - -10787. What is the thousands digit of q?
3
Suppose -4*z + 4*r + 0*r + 8 = 0, 4*z = -2*r + 26. Suppose 3*s - 6*i = -z*i + 173, i = 4. What is the tens digit of s?
5
Let g(o) = -o + 26. Let d be g(20). Suppose -109 = -7*a + d*a. What is the units digit of a?
9
Suppose 7*v = -77 + 119. What is the hundreds digit of v/(-54) + (-1882)/(-9)?
2
Suppose 4*c + u - 59 = 0, -79 = -5*c - 0*u - 3*u. Suppose c + 246 = 2*x. What is the tens digit of x?
3
Suppose 17*m - 645 = 2704. What is the tens digit of m?
9
Suppose 9*h - 305 = 73. What is the units digit of h?
2
Let u(c) = -c**3 + 10*c**2 - 3*c - 1. Let v be u(8). Suppose 0 = 2*m + m - 4*k - v, 5*m - 168 = 3*k. What is the tens digit of m?
3
Let n(j) = 5*j - 8. Let b be n(4). Suppose -4*r = -8 - b. Suppose -y + 59 = -2*o, 2*y - 120 = -3*o + r*o. What is the tens digit of y?
6
Suppose 5 = z,